ighest common divisor of 66320 and 80.
80
Calculate the greatest common factor of 1435 and 35.
35
Calculate the highest common factor of 256 and 176.
16
Calculate the highest common factor of 650 and 104.
26
What is the greatest common factor of 2 and 164?
2
Calculate the greatest common divisor of 144 and 108.
36
Calculate the greatest common factor of 14 and 868.
14
Calculate the highest common divisor of 58 and 1073.
29
What is the highest common divisor of 742 and 14?
14
What is the highest common factor of 9445 and 5?
5
What is the greatest common divisor of 61 and 12627?
61
Calculate the highest common divisor of 54 and 15948.
18
What is the greatest common factor of 99 and 17721?
99
What is the greatest common divisor of 90 and 45?
45
Calculate the highest common divisor of 1476 and 36.
36
What is the highest common factor of 95 and 10?
5
What is the highest common divisor of 12 and 2118?
6
What is the highest common divisor of 11 and 55?
11
What is the highest common factor of 78 and 26?
26
Calculate the greatest common factor of 3136 and 98.
98
What is the highest common divisor of 16 and 23952?
16
Calculate the highest common factor of 6 and 1254.
6
What is the greatest common factor of 39 and 24?
3
Calculate the greatest common divisor of 12031 and 227.
227
What is the greatest common factor of 220 and 264?
44
Calculate the highest common factor of 82 and 574.
82
Calculate the greatest common divisor of 360 and 10836.
36
What is the greatest common divisor of 82 and 533?
41
What is the greatest common divisor of 300 and 100?
100
Calculate the greatest common divisor of 12 and 10.
2
What is the greatest common factor of 243 and 3?
3
Calculate the greatest common factor of 5289 and 861.
123
Calculate the greatest common factor of 12599 and 86.
43
Calculate the greatest common factor of 920 and 200.
40
What is the highest common divisor of 924 and 420?
84
What is the greatest common factor of 8 and 2224?
8
Calculate the greatest common divisor of 455 and 130.
65
Calculate the greatest common factor of 41722 and 23.
23
What is the greatest common divisor of 50 and 90?
10
Calculate the greatest common factor of 6 and 26.
2
What is the greatest common divisor of 1232 and 847?
77
What is the greatest common divisor of 350 and 210?
70
What is the highest common factor of 18 and 2334?
6
Calculate the highest common divisor of 4887 and 18.
9
Calculate the highest common divisor of 7308 and 174.
174
Calculate the highest common divisor of 2790 and 54.
18
Calculate the greatest common factor of 8 and 1076.
4
Calculate the greatest common factor of 24 and 252.
12
Calculate the greatest common divisor of 44 and 132352.
44
Calculate the highest common divisor of 96 and 276.
12
What is the highest common divisor of 512 and 448?
64
Calculate the highest common divisor of 2 and 1555.
1
Calculate the greatest common factor of 1836 and 3348.
108
What is the greatest common factor of 3 and 39?
3
Calculate the greatest common divisor of 4 and 716.
4
What is the highest common divisor of 130 and 1195?
5
What is the greatest common factor of 240 and 3660?
60
What is the greatest common divisor of 1875 and 75?
75
Calculate the highest common factor of 22 and 1738.
22
What is the greatest common divisor of 13 and 221?
13
What is the greatest common divisor of 9 and 729?
9
Calculate the highest common factor of 59 and 4897.
59
What is the highest common factor of 4245 and 60?
15
Calculate the highest common divisor of 6125 and 50.
25
What is the greatest common divisor of 32 and 496?
16
What is the greatest common factor of 49 and 14?
7
What is the greatest common factor of 44 and 11396?
44
Calculate the greatest common factor of 1240 and 40.
40
Calculate the highest common divisor of 2 and 15.
1
What is the highest common factor of 232 and 493?
29
What is the greatest common factor of 168 and 3388?
28
Calculate the highest common divisor of 105 and 60.
15
Calculate the greatest common divisor of 68 and 374.
34
What is the highest common divisor of 104 and 13?
13
What is the greatest common factor of 180 and 240?
60
Calculate the highest common divisor of 952 and 203.
7
What is the highest common divisor of 20 and 1380?
20
Calculate the greatest common factor of 1083 and 16967.
361
Calculate the highest common factor of 2573 and 558.
31
What is the greatest common factor of 28 and 12?
4
What is the greatest common factor of 180 and 18810?
90
Calculate the highest common divisor of 54 and 108.
54
Calculate the highest common factor of 675 and 100.
25
Calculate the highest common factor of 68 and 6953.
17
What is the highest common divisor of 957 and 2211?
33
Calculate the greatest common factor of 78 and 7020.
78
What is the highest common factor of 10 and 49520?
10
Calculate the highest common factor of 378 and 798.
42
What is the greatest common divisor of 23 and 207?
23
What is the greatest common factor of 24565 and 85?
85
What is the greatest common divisor of 192 and 780?
12
Calculate the greatest common factor of 1 and 111.
1
What is the greatest common divisor of 759 and 231?
33
What is the greatest common divisor of 1246 and 14?
14
What is the highest common factor of 221 and 119?
17
Calculate the greatest common divisor of 361 and 1.
1
What is the highest common factor of 2 and 106?
2
What is the highest common factor of 24 and 336?
24
What is the greatest common factor of 1442 and 5150?
206
What is the highest common factor of 55 and 995?
5
Calculate the highest common factor of 22 and 4.
2
What is the highest common factor of 161 and 46?
23
Calculate the highest common factor of 270 and 4830.
30
What is the greatest common factor of 445 and 5?
5
What is the greatest common divisor of 155 and 15?
5
What is the greatest common factor of 20 and 2500?
20
What is the highest common divisor of 18 and 27?
9
What is the greatest common divisor of 975 and 39?
39
Calculate the greatest common factor of 594 and 22.
22
What is the highest common factor of 36 and 20?
4
Calculate the greatest common divisor of 205 and 82.
41
Calculate the highest common divisor of 73 and 1825.
73
Calculate the highest common divisor of 7 and 329.
7
Calculate the greatest common divisor of 19 and 1539.
19
What is the greatest common divisor of 76 and 1159?
19
Calculate the greatest common divisor of 1089 and 187.
11
Calculate the greatest common divisor of 120 and 264.
24
Calculate the highest common factor of 1643 and 961.
31
What is the greatest common divisor of 11 and 1507?
11
Calculate the highest common divisor of 2610 and 29.
29
Calculate the highest common divisor of 32 and 288.
32
What is the greatest common divisor of 11029 and 328?
41
Calculate the greatest common factor of 91290 and 358.
358
What is the greatest common divisor of 248 and 217?
31
What is the highest common factor of 189 and 21?
21
Calculate the greatest common divisor of 78 and 208.
26
Calculate the highest common factor of 6 and 354.
6
Calculate the highest common factor of 1368 and 1.
1
Calculate the highest common divisor of 4 and 2084.
4
Calculate the greatest common factor of 7725 and 75.
75
What is the greatest common factor of 6 and 93?
3
What is the highest common divisor of 57 and 456?
57
Calculate the greatest common divisor of 917 and 56.
7
What is the highest common divisor of 1118 and 602?
86
Calculate the highest common factor of 320 and 400.
80
Calculate the highest common factor of 28 and 49.
7
Calculate the greatest common factor of 216 and 54.
54
What is the highest common factor of 126 and 702?
18
Calculate the greatest common divisor of 1 and 167.
1
What is the greatest common factor of 48 and 6488?
8
Calculate the highest common divisor of 165 and 1551.
33
Calculate the greatest common factor of 406 and 448.
14
Calculate the greatest common divisor of 7 and 2947.
7
What is the highest common factor of 51155 and 65?
65
What is the highest common divisor of 26 and 325?
13
What is the greatest common factor of 20 and 12?
4
Calculate the greatest common factor of 188 and 8.
4
Calculate the greatest common divisor of 5295 and 15.
15
Calculate the highest common factor of 119 and 16303.
119
Calculate the greatest common divisor of 1190 and 14.
14
What is the highest common divisor o